he prime factors of 3171.
3, 7, 151
What are the prime factors of 2749?
2749
What are the prime factors of 12885?
3, 5, 859
List the prime factors of 4508.
2, 7, 23
What are the prime factors of 16217?
16217
What are the prime factors of 9642?
2, 3, 1607
What are the prime factors of 1326?
2, 3, 13, 17
What are the prime factors of 40068?
2, 3, 7, 53
List the prime factors of 17520.
2, 3, 5, 73
List the prime factors of 107936.
2, 3373
List the prime factors of 22023.
3, 2447
What are the prime factors of 9552?
2, 3, 199
List the prime factors of 1055.
5, 211
List the prime factors of 4752.
2, 3, 11
What are the prime factors of 139808?
2, 17, 257
List the prime factors of 21008.
2, 13, 101
What are the prime factors of 609?
3, 7, 29
What are the prime factors of 13906?
2, 17, 409
List the prime factors of 7871.
17, 463
What are the prime factors of 10425?
3, 5, 139
What are the prime factors of 20457?
3, 2273
List the prime factors of 1794.
2, 3, 13, 23
List the prime factors of 11316.
2, 3, 23, 41
What are the prime factors of 155?
5, 31
What are the prime factors of 151?
151
List the prime factors of 111709.
13, 661
List the prime factors of 8789.
11, 17, 47
What are the prime factors of 59878?
2, 7, 13, 47
What are the prime factors of 12253?
12253
List the prime factors of 306.
2, 3, 17
List the prime factors of 371.
7, 53
What are the prime factors of 173670?
2, 3, 5, 7, 827
List the prime factors of 4425.
3, 5, 59
What are the prime factors of 12540?
2, 3, 5, 11, 19
List the prime factors of 3462.
2, 3, 577
What are the prime factors of 1698?
2, 3, 283
List the prime factors of 39.
3, 13
List the prime factors of 81.
3
What are the prime factors of 1482?
2, 3, 13, 19
What are the prime factors of 3057?
3, 1019
List the prime factors of 3715.
5, 743
What are the prime factors of 213?
3, 71
List the prime factors of 22031.
22031
List the prime factors of 7180.
2, 5, 359
What are the prime factors of 30134?
2, 13, 19, 61
What are the prime factors of 1208?
2, 151
What are the prime factors of 919?
919
List the prime factors of 7376.
2, 461
What are the prime factors of 48593?
48593
What are the prime factors of 837?
3, 31
What are the prime factors of 89?
89
What are the prime factors of 1072?
2, 67
What are the prime factors of 21477?
3, 7159
What are the prime factors of 122556?
2, 3, 7, 1459
What are the prime factors of 5500?
2, 5, 11
List the prime factors of 2856.
2, 3, 7, 17
List the prime factors of 3094.
2, 7, 13, 17
What are the prime factors of 6902?
2, 7, 17, 29
List the prime factors of 2134.
2, 11, 97
What are the prime factors of 25489?
71, 359
List the prime factors of 2115.
3, 5, 47
What are the prime factors of 855?
3, 5, 19
What are the prime factors of 147598?
2, 11, 6709
What are the prime factors of 364?
2, 7, 13
What are the prime factors of 1060?
2, 5, 53
What are the prime factors of 868?
2, 7, 31
List the prime factors of 25759.
25759
List the prime factors of 157.
157
What are the prime factors of 599?
599
What are the prime factors of 71118?
2, 3, 439
What are the prime factors of 3259?
3259
List the prime factors of 6436.
2, 1609
List the prime factors of 2387.
7, 11, 31
List the prime factors of 185.
5, 37
What are the prime factors of 2316?
2, 3, 193
What are the prime factors of 3633?
3, 7, 173
What are the prime factors of 2406?
2, 3, 401
List the prime factors of 9378.
2, 3, 521
What are the prime factors of 518?
2, 7, 37
List the prime factors of 642.
2, 3, 107
What are the prime factors of 64655?
5, 67, 193
What are the prime factors of 278?
2, 139
What are the prime factors of 952?
2, 7, 17
What are the prime factors of 16784?
2, 1049
List the prime factors of 2148.
2, 3, 179
List the prime factors of 74886.
2, 3, 7, 1783
List the prime factors of 190.
2, 5, 19
What are the prime factors of 418?
2, 11, 19
List the prime factors of 1671.
3, 557
List the prime factors of 7620.
2, 3, 5, 127
What are the prime factors of 6268?
2, 1567
What are the prime factors of 14046?
2, 3, 2341
What are the prime factors of 8589?
3, 7, 409
What are the prime factors of 1152?
2, 3
What are the prime factors of 27?
3
List the prime factors of 1268.
2, 317
List the prime factors of 2936.
2, 367
What are the prime factors of 1859?
11, 13
What are the prime factors of 929?
929
What are the prime factors of 1790?
2, 5, 179
List the prime factors of 7143.
3, 2381
List the prime factors of 50226.
2, 3, 11, 761
List the prime factors of 24103.
24103
What are the prime factors of 1650?
2, 3, 5, 11
What are the prime factors of 463?
463
What are the prime factors of 25403?
7, 19, 191
What are the prime factors of 37508?
2, 9377
List the prime factors of 7449.
3, 13, 191
What are the prime factors of 6221?
6221
What are the prime factors of 511?
7, 73
List the prime factors of 1525.
5, 61
What are the prime factors of 476?
2, 7, 17
List the prime factors of 4224.
2, 3, 11
List the prime factors of 36596.
2, 7, 1307
List the prime factors of 8013.
3, 2671
List the prime factors of 138007.
138007
What are the prime factors of 16540?
2, 5, 827
What are the prime factors of 6221?
6221
What are the prime factors of 1608?
2, 3, 67
What are the prime factors of 36086?
2, 18043
What are the prime factors of 5019?
3, 7, 239
List the prime factors of 74449.
74449
List the prime factors of 33086.
2, 71, 233
What are the prime factors of 7067?
37, 191
What are the prime factors of 165?
3, 5, 11
What are the prime factors of 7866?
2, 3, 19, 23
List the prime factors of 2932.
2, 733
What are the prime factors of 14382?
2, 3, 17, 47
List the prime factors of 34178.
2, 23, 743
List the prime factors of 15855.
3, 5, 7, 151
What are the prime factors of 51041?
43, 1187
What are the prime factors of 21871?
21871
What are the prime factors of 5606?
2, 2803
What are the prime factors of 44099?
11, 19, 211
List the prime factors of 5544.
2, 3, 7, 11
List the prime factors of 10663.
10663
List the prime factors of 4782.
2, 3, 797
What are the prime factors of 11085?
3, 5, 739
What are the prime factors of 13262?
2, 19, 349
List the prime factors of 7545.
3, 5, 503
List the prime factors of 1153.
1153
What are the prime factors of 78241?
78241
List the prime factors of 523.
523
What are the prime factors of 2556?
2, 3, 71
What are the prime factors of 1340?
2, 5, 67
What are the prime factors of 6417?
3, 23, 31
List the prime factors of 2015.
5, 13, 31
What are the prime factors of 488?
2, 61
List the prime factors of 30258.
2, 3, 41
What are the prime factors of 676?
2, 13
What are the prime factors of 521?
521
List the prime factors of 9556.
2, 2389
What are the prime factors of 1233?
3, 137
What are the prime factors of 51373?
7, 41, 179
What are the prime factors of 35479?
17, 2087
What are the prime factors of 3860?
2, 5, 193
List the prime factors of 79070.
2, 5, 7907
List the prime factors of 1467.
3, 163
What are the prime factors of 2932?
2, 733
List the prime factors of 2389.
2389
What are the prime factors of 71266?
2, 13, 2741
List the prime factors of 58876.
2, 41, 359
What are the prime factors of 10290?
2, 3, 5, 7
List the prime factors of 8855.
5, 7, 11, 23
List the prime factors of 21482.
2, 23, 467
List the prime factors of 2068.
2, 11, 47
List the prime factors of 1141.
7, 163
List the prime factors of 17788.
2, 4447
What are the prime factors of 19758?
2, 3, 37, 89
What are the prime factors of 12309?
3, 11, 373
What are the prime factors of 3803?
3803
What are the prime factors of 8806?
2, 7, 17, 37
What are the prime factors of 592?
2, 37
List the prime factors of 7801.
29, 269
What are the prime factors of 1594?
2, 797
List the prime factors of 3170.
2, 5, 317
What are the prime factors of 221?
13, 17
What are the prime factors of 2958?
2, 3, 17, 29
What are the prime factors of 902?
2, 11, 41
What are the prime factors of 589?
19, 31
List the prime factors of 8395.
5, 23, 73
What are the prime factors of 81453?
3, 19, 1429
What are the prime factors of 20452?
2, 5113
List the prime factors of 22153.
22153
List the prime factors of 95237.
131, 727
What are the prime factors of 16412?
2, 11, 373
List the prime factors of 5705.
5, 7, 163
List the prime factors of 11269.
59, 191
What are the prime factors of 4219?
4219
What are th